{"id":28340,"date":"2022-01-07T18:08:39","date_gmt":"2022-01-07T18:08:39","guid":{"rendered":"https:\/\/www.filex.nl\/product\/smart-space-cpu-houder\/"},"modified":"2024-10-18T15:41:42","modified_gmt":"2024-10-18T15:41:42","slug":"smart-space-cpu-halter","status":"publish","type":"product","link":"https:\/\/www.filex.nl\/de\/produkt\/smart-space-cpu-halter\/","title":{"rendered":"Smart-Space-CPU-Halter"},"content":{"rendered":"<p>Der Smart-Space-CPU-Halter von Filex! Ein universeller CPU-Halter, der all Ihre W\u00fcnsche erf\u00fcllt! Ein aufger\u00e4umter Schreibtisch, keine CPUs auf dem Fu\u00dfboden unter dem Schreibtisch und ein sch\u00f6n aufger\u00e4umter Arbeitsplatz; dabei hilft Ihnen der Smart-Space-CPU-Halter!<\/p>\n<p>Dieser CPU-Halter l\u00e4sst sich an der Unterseite Ihrer Schreibtischplatte befestigen. Die Tischplatte muss mindestens 20 mm dick sein, damit der CPU-Halter genug Stabilit\u00e4t f\u00fcr Ihre wertvolle CPU bieten kann. <\/p>\n<p>Dieser CPU-Halter sorgt nicht nur f\u00fcr einen sch\u00f6n aufger\u00e4umten Arbeitsplatz, er ist auch sehr praktisch f\u00fcr h\u00f6henverstellbare Tische. Der CPU-Halter wurde mit Absorptionsschaum und dem entsprechendem Schutz versehen, damit beim Montieren keine Kratzer entstehen. <\/p>\n<p>Das Maximalgewicht: 30 kg.<br \/>\nLieferbar in den Farben Schwarz, Wei\u00df und Silber.<br \/>\nSchrauben und die Montageanleitung sind beigelegt.<\/p>\n","protected":false},"excerpt":{"rendered":"<p>Der Smart-Space-CPU-Halter von Filex! Ein universeller CPU-Halter, den Sie f\u00fcr alle Marken und Varianten von gr\u00f6\u00dferen CPUs einsetzen k\u00f6nnen. Ein tolles Preisleistungsverh\u00e4ltnis und einen ordentlichen, aufger\u00e4umten Boden unter Ihrem Arbeitsplatz w\u00fcnschen Sie sich doch auch, oder?<\/p>\n","protected":false},"featured_media":19332,"template":"","meta":{"_acf_changed":false},"product_brand":[],"product_cat":[537],"product_tag":[],"class_list":{"0":"post-28340","1":"product","2":"type-product","3":"status-publish","4":"has-post-thumbnail","6":"product_cat-cpu-halter","7":"pa_kleur-schwarz","8":"pa_kleur-silber","9":"pa_kleur-weiss","11":"first","12":"instock","13":"shipping-taxable","14":"purchasable","15":"product-type-variable","16":"has-default-attributes"},"acf":[],"_links":{"self":[{"href":"https:\/\/www.filex.nl\/de\/wp-json\/wp\/v2\/product\/28340","targetHints":{"allow":["GET"]}}],"collection":[{"href":"https:\/\/www.filex.nl\/de\/wp-json\/wp\/v2\/product"}],"about":[{"href":"https:\/\/www.filex.nl\/de\/wp-json\/wp\/v2\/types\/product"}],"wp:featuredmedia":[{"embeddable":true,"href":"https:\/\/www.filex.nl\/de\/wp-json\/wp\/v2\/media\/19332"}],"wp:attachment":[{"href":"https:\/\/www.filex.nl\/de\/wp-json\/wp\/v2\/media?parent=28340"}],"wp:term":[{"taxonomy":"product_brand","embeddable":true,"href":"https:\/\/www.filex.nl\/de\/wp-json\/wp\/v2\/product_brand?post=28340"},{"taxonomy":"product_cat","embeddable":true,"href":"https:\/\/www.filex.nl\/de\/wp-json\/wp\/v2\/product_cat?post=28340"},{"taxonomy":"product_tag","embeddable":true,"href":"https:\/\/www.filex.nl\/de\/wp-json\/wp\/v2\/product_tag?post=28340"}],"curies":[{"name":"wp","href":"https:\/\/api.w.org\/{rel}","templated":true}]}}

<p>Der Smart-Space-CPU-Halter von Filex! Ein universeller CPU-Halter, der all Ihre Wünsche erfüllt! Ein aufgeräumter Schreibtisch, keine CPUs auf dem Fußboden unter dem Schreibtisch und ein schön aufgeräumter Arbeitsplatz; dabei hilft Ihnen der Smart-Space-CPU-Halter!</p>
<p>Dieser CPU-Halter lässt sich an der Unterseite Ihrer Schreibtischplatte befestigen. Die Tischplatte muss mindestens 20 mm dick sein, damit der CPU-Halter genug Stabilität für Ihre wertvolle CPU bieten kann. </p>
<p>Dieser CPU-Halter sorgt nicht nur für einen schön aufgeräumten Arbeitsplatz, er ist auch sehr praktisch für höhenverstellbare Tische. Der CPU-Halter wurde mit Absorptionsschaum und dem entsprechendem Schutz versehen, damit beim Montieren keine Kratzer entstehen. </p>
<p>Das Maximalgewicht: 30 kg.<br />
Lieferbar in den Farben Schwarz, Weiß und Silber.<br />
Schrauben und die Montageanleitung sind beigelegt.</p>

<p>Der Smart-Space-CPU-Halter von Filex! Ein universeller CPU-Halter, den Sie für alle Marken und Varianten von größeren CPUs einsetzen können. Ein tolles Preisleistungsverhältnis und einen ordentlichen, aufgeräumten Boden unter Ihrem Arbeitsplatz wünschen Sie sich doch auch, oder?</p>
