{"id":28366,"date":"2022-01-07T14:54:24","date_gmt":"2022-01-07T14:54:24","guid":{"rendered":"https:\/\/www.filex.nl\/product\/thin-line-cpu-houder\/"},"modified":"2024-10-18T15:41:43","modified_gmt":"2024-10-18T15:41:43","slug":"thin-line-cpu-halter","status":"publish","type":"product","link":"https:\/\/www.filex.nl\/de\/produkt\/thin-line-cpu-halter\/","title":{"rendered":"Thin-Line-CPU-Halter"},"content":{"rendered":"<p>Der Thin-Line-CPU-Halter von Filex! Dieser Thin-Line-CPU-Halter von Filex wurde speziell f\u00fcr  Thin Client CPUs jeder Marke und jedes Typs entworfen und sticht durch sein einzigartiges Preisleistungsverh\u00e4ltnis heraus! Ein sch\u00f6n aufger\u00e4umter Schreibtisch, keine CPUs auf dem Fu\u00dfboden unter dem Schreibtisch und ein sch\u00f6n aufger\u00e4umter Arbeitsplatz; dabei hilft Ihnen der Thin-Line-CPU-Halter!<\/p>\n<p>Dieser Thin-Line-CPU-Halter l\u00e4sst sich dank eines praktischen Schiebe-Klick-Systems auf jede gew\u00fcnschte H\u00f6he und Breite einstellen (H\u00f6he: 165-320 mm und Breite: 30-110 mm). <\/p>\n<p>Der Thin-Line-CPU-Halter klemmt nicht nur Ihre CPU fest, sondern sch\u00fctzt sie auch mit Absorptionsschaum gegen Kratzer. Sie k\u00f6nnen diesen Filex-CPU-Halter einfach unter jedem Schreibtisch montieren. <\/p>\n<p>Spezifizierungen:<br \/>\nH\u00f6he: 165-320 mm.<br \/>\nBreite: 30-110 mm.<br \/>\nGewicht: bis maximal 5 kg.<\/p>\n","protected":false},"excerpt":{"rendered":"<p>Der Thin-Line-CPU-Halter von Filex! Ein universeller Thin-Client-CPU-Halter, den Sie f\u00fcr alle Marken und Varianten von Thin Line CPUs einsetzen k\u00f6nnen. Ein tolles Preisleistungsverh\u00e4ltnis und einen ordentlichen, aufger\u00e4umten Boden unter Ihrem Arbeitsplatz w\u00fcnschen Sie sich doch auch, oder?<\/p>\n","protected":false},"featured_media":19359,"template":"","meta":{"_acf_changed":false},"product_brand":[],"product_cat":[537],"product_tag":[],"class_list":{"0":"post-28366","1":"product","2":"type-product","3":"status-publish","4":"has-post-thumbnail","6":"product_cat-cpu-halter","7":"pa_kleur-schwarz","8":"pa_kleur-silber","9":"pa_kleur-weiss","11":"first","12":"instock","13":"shipping-taxable","14":"purchasable","15":"product-type-variable","16":"has-default-attributes"},"acf":[],"_links":{"self":[{"href":"https:\/\/www.filex.nl\/de\/wp-json\/wp\/v2\/product\/28366","targetHints":{"allow":["GET"]}}],"collection":[{"href":"https:\/\/www.filex.nl\/de\/wp-json\/wp\/v2\/product"}],"about":[{"href":"https:\/\/www.filex.nl\/de\/wp-json\/wp\/v2\/types\/product"}],"wp:featuredmedia":[{"embeddable":true,"href":"https:\/\/www.filex.nl\/de\/wp-json\/wp\/v2\/media\/19359"}],"wp:attachment":[{"href":"https:\/\/www.filex.nl\/de\/wp-json\/wp\/v2\/media?parent=28366"}],"wp:term":[{"taxonomy":"product_brand","embeddable":true,"href":"https:\/\/www.filex.nl\/de\/wp-json\/wp\/v2\/product_brand?post=28366"},{"taxonomy":"product_cat","embeddable":true,"href":"https:\/\/www.filex.nl\/de\/wp-json\/wp\/v2\/product_cat?post=28366"},{"taxonomy":"product_tag","embeddable":true,"href":"https:\/\/www.filex.nl\/de\/wp-json\/wp\/v2\/product_tag?post=28366"}],"curies":[{"name":"wp","href":"https:\/\/api.w.org\/{rel}","templated":true}]}}

<p>Der Thin-Line-CPU-Halter von Filex! Dieser Thin-Line-CPU-Halter von Filex wurde speziell für  Thin Client CPUs jeder Marke und jedes Typs entworfen und sticht durch sein einzigartiges Preisleistungsverhältnis heraus! Ein schön aufgeräumter Schreibtisch, keine CPUs auf dem Fußboden unter dem Schreibtisch und ein schön aufgeräumter Arbeitsplatz; dabei hilft Ihnen der Thin-Line-CPU-Halter!</p>
<p>Dieser Thin-Line-CPU-Halter lässt sich dank eines praktischen Schiebe-Klick-Systems auf jede gewünschte Höhe und Breite einstellen (Höhe: 165-320 mm und Breite: 30-110 mm). </p>
<p>Der Thin-Line-CPU-Halter klemmt nicht nur Ihre CPU fest, sondern schützt sie auch mit Absorptionsschaum gegen Kratzer. Sie können diesen Filex-CPU-Halter einfach unter jedem Schreibtisch montieren. </p>
<p>Spezifizierungen:<br />
Höhe: 165-320 mm.<br />
Breite: 30-110 mm.<br />
Gewicht: bis maximal 5 kg.</p>

<p>Der Thin-Line-CPU-Halter von Filex! Ein universeller Thin-Client-CPU-Halter, den Sie für alle Marken und Varianten von Thin Line CPUs einsetzen können. Ein tolles Preisleistungsverhältnis und einen ordentlichen, aufgeräumten Boden unter Ihrem Arbeitsplatz wünschen Sie sich doch auch, oder?</p>
